-5*c = -8*c + 111. Let t = -9 + c. Suppose t*l = 30*l - 692. Is l prime?
False
Is 11 - (-6 - (-1409660 + -12))*-1 prime?
True
Let k = 306358 - 162521. Is k a composite number?
True
Suppose -9*j = 5*s - 4*j - 1792525, 0 = -3*s + 2*j + 1075485. Is s prime?
True
Let z = -54923 + 123384. Is z a composite number?
True
Let y(n) be the third derivative of -n**6/120 - 4*n**5/15 - n**4/2 - 4*n**3/3 - 21*n**2. Let d be y(-16). Suppose -5*k - d = -2019. Is k composite?
False
Suppose -19*r + 11 = -65. Suppose -3957 = -x + r*s, -3*x = s - 3449 - 8370. Is x a prime number?
False
Let l(t) = 2*t**2 + 3*t - 2. Let v be l(-3). Let m(o) = 2096*o + 167. Let z be m(3). Suppose 0 = -v*y + 12*y - z. Is y a prime number?
True
Let q(z) = -z**3 + 29*z**2 + 8*z - 27. Suppose 8*y - 6*y = -3*s + 30, -4*s = 3*y - 39. Is q(s) prime?
False
Let t be (4 - 65/15)/(1/(-6)). Let s(g) = -t + 2 - 17 + 5*g + 11*g**2. Is s(-7) a prime number?
True
Let r(b) = 7589*b + 650. Is r(13) composite?
True
Let f(y) = 11*y**3 + 4*y**2 - 4*y + 2. Suppose 12*n - 8*n = -2*o + 32, 5*o = 20. Is f(n) prime?
False
Let v = 118955 - 82042. Is v a prime number?
True
Suppose -4*b + 8*b = 17112. Let u = b - 1763. Is u composite?
True
Suppose -43*x + 48*x = 30. Suppose -15 = 3*m, -m + 43824 = u - x*m. Is u composite?
True
Is (-115671)/(-21) + -6*(-11)/77 composite?
True
Is (-335154)/4*4/(-7)*147/126 a prime number?
False
Let t(u) = 8566*u**2 + 8*u - 12. Let v be t(2). Suppose -3*d + 1321 = -v. Is d a prime number?
True
Is 9*(-13)/(-9) - -11816 composite?
True
Let g(m) = 10*m**2 - 12*m + 12. Let c be g(-8). Suppose -3*l = -605 - c. Is l composite?
True
Let n(x) = -3051*x**2 - 27*x - 29. Let p(v) = 1526*v**2 + 13*v + 16. Let l(y) = 3*n(y) + 7*p(y). Is l(-2) composite?
False
Let h be (-864)/(-15) + (-3)/5. Let v = -37 + h. Suppose 4*o + 22672 = v*o. Is o composite?
True
Let v be ((-21)/(-6) - 2)*2*1. Let u(x) = x**3 - 5*x**2 + 8*x - 7. Let g be u(v). Is (4/(-2) - g)/(7/(-13895)) prime?
False
Let y be 2*(-7 - -9)*1/1. Let u(f) = -361*f - 2 + y - 5. Is u(-1) composite?
True
Let f(b) = -b + 94. Let x be f(25). Suppose a - 92 = 5*g, -x = -a - g + 5. Is a a prime number?
False
Suppose 0*c - 12 = -2*n + c, 4*n - c = 20. Suppose 6*p = p + n*p. Suppose -h - h - 4*k + 4430 = p, -h + 2233 = -4*k. Is h a composite number?
False
Let t be (-16)/48*(0 - -9). Is 33676/t*(-48)/32 a prime number?
False
Let p(c) = -57015*c + 4211. Is p(-14) a composite number?
False
Let c(h) = -15935*h + 516. Is c(-7) a composite number?
False
Let c be (-537)/2*(-12)/(-9). Let v(t) = t**3 + t**2 + 3*t + 9. Let h be v(8). Let y = c + h. Is y a prime number?
True
Is 118182/10 - (-432)/540 a prime number?
False
Let h(u) = 10*u**3 - 2*u**2 - u + 77. Is h(18) a composite number?
False
Let o(z) = 4315*z**2 - 76*z - 402. Is o(-5) prime?
False
Let h = 1711 + -8483. Let d be -7 - (0 + -16)/4. Is (6 - 5)*(d - h) composite?
True
Suppose 0 = -6*u + 3*u - 12, -5*x - 5*u - 10 = 0. Suppose -5*j - 4981 = -8*j - x*z, 2*j + z = 3319. Is j prime?
True
Suppose -184 = -5*c - 5*s + 56, 0 = -5*s. Suppose -3*m = 3 - 0, 0 = 4*d + 4*m - c. Is ((-647)/3)/(d/(-39)) composite?
False
Suppose -621166 = -6*r - 53740. Suppose -52*h + r = -194393. Is h a prime number?
True
Let t be 1*(2 + 0) - (-9668 + 1). Suppose -5*s - 3*f - t = -29549, -5*f - 19880 = -5*s. Suppose -6*h = 2*h - s. Is h prime?
False
Suppose -5*t + 7998 = -2*b + 157976, 4*b + 4*t = 300012. Is b a composite number?
True
Suppose 373*v = 374*v - 13. Is (14 - v)*1402 - (4 - -1) prime?
False
Let w(t) = 115*t**3 + 13*t**2 + 31*t + 294. Is w(17) a prime number?
True
Let j be ((-209672)/(-6))/((-324)/(-243)). Let z = -13700 + j. Is z composite?
True
Suppose -3*x - 3*s + 206970 = 0, -3*x - 5*s = -28656 - 178308. Is x prime?
True
Let v(o) = -89*o + 15. Let l(d) = -175*d + 29. Let u(g) = -4*l(g) + 7*v(g). Is u(14) a prime number?
False
Suppose -12 = -v - 2*x, -3*v - 2*x = -v - 28. Suppose 9*o + 2 + v = 0. Is o*-1*(-5062)/(-4) a prime number?
True
Suppose 4*q - 5*o = 56645, -o + 43361 = 4*q - 13302. Suppose 62510 = 5*z - 5*t, 10824 = 2*z + 3*t - q. Is z prime?
False
Let u(t) = -607*t - 59. Let c(d) = -101*d - 10. Let g(a) = -34*c(a) + 6*u(a). Let k be g(-8). Let m = -181 + k. Is m a composite number?
True
Let s = -307703 - -436938. Is s prime?
False
Let j(y) = -2*y**3 - 19*y**2 + 27*y - 17. Suppose 3*p + 3*r = -45, 4*r + 45 = -9*p + 6*p. Is j(p) a composite number?
False
Suppose 4*a = -5*r - 21353, -6*r + 11*r = -a - 5327. Let j = 11731 + a. Is j a prime number?
True
Let z(h) = -100*h**3 - 141*h + 19. Is z(-10) composite?
False
Let w(z) = -5*z + 110. Let r be w(21). Suppose r*b = m + 3*m + 165427, 5*m - 99234 = -3*b. Is b prime?
True
Let f(j) = -8*j**3 - 7*j**2 - 10*j + 4. Let m be f(-8). Let b = m - 1975. Is b prime?
False
Let h(k) = 5*k + 2. Let q be (-12)/(-8) + 2/4. Let t be h(q). Is ((-2344)/t)/((-4)/66) a composite number?
True
Is ((-568)/48 + 12)*72318 prime?
False
Suppose 61*p - 9034 = -2385. Suppose 0 = -p*l + 108*l + 26171. Is l prime?
True
Suppose -5*w = -2*z - 48, -7*w + 11*w - z = 36. Suppose w*o - 33924 - 22532 = 0. Is o prime?
True
Suppose -2*j + n = -288166, 5*n + 256747 = 5*j - 463668. Is j composite?
True
Let l(w) = -2*w**3 - 10*w**2 + 3. Let y be l(-5). Suppose 4*z - 3*z = 3. Suppose -p = -3*p - y*u + 458, z*u = 2*p - 434. Is p composite?
False
Let v(t) = t**3 - 2*t**2 - 9*t - 10. Let m be v(5). Let n(q) = -11 - 15 + 403*q + m - 33*q. Is n(2) prime?
False
Suppose 1580*j - 3044620 = 1560*j. Is j prime?
True
Let x(y) = 54*y**3 + 4*y**2 - 5*y - 2. Let i(h) = 11*h**3 - h**2. Let p be i(1). Let v be (15/p*-2)/(-1). Is x(v) a prime number?
False
Let c(t) = -297*t**3 - 299*t**3 + 11 + 8*t**2 + 604*t**3 - 39*t. Is c(12) a prime number?
True
Let i(o) = -6094*o + 5765. Is i(-8) a composite number?
False
Suppose -d - 3*f + 25 = 0, -5*d + f + 2*f = -35. Suppose -4*n = v - 240, -982 = -2*v - 2*v - 5*n. Is v + -1 + (d - 6) composite?
False
Suppose -q - 3*q = 4*g + 132, -2*q + g = 69. Is (-16036)/(-28) + q/(-119) a prime number?
False
Let j(q) = 3*q - 100. Let i be j(36). Suppose -i*v = -v - 27769. Is v a composite number?
False
Suppose -1680*o + 28909 = v - 1682*o, -86781 = -3*v - 3*o. Is v a prime number?
True
Suppose 0 = -g - 2*l + 110425, 0 = -3*g - 298*l + 294*l + 331269. Is g prime?
True
Let c(n) = -n. Let w be c(4). Let z be 30 - (-4 + (2 - w)). Suppose -t - z + 351 = 0. Is t composite?
True
Suppose 123*n = -36*n + 3732843. Is n a prime number?
False
Let l(z) = z**3 - 9*z**2 + 6*z + 6. Let w be l(6). Let p be (-3)/12 + w/8*-1. Let o = p + 29. Is o a composite number?
False
Let f(x) = -5584*x + 2529. Is f(-40) a composite number?
False
Let a(y) = -y**3 + 14*y**2 + 28*y + 67. Let v be a(16). Is v + -9 + (6724 - -13) a prime number?
False
Let c(u) = -u**2 + 4*u - 3. Suppose -6*l + 3 = -5*l. Let b be c(l). Suppose -2*q - 2*h + 106 = b, h = -4*q - q + 273. Is q composite?
True
Let t = 10364 - -19415. Is t a prime number?
False
Let y = -70 - -125. Suppose 6*q = -5*q + y. Suppose 0 = 4*n + q*x - 2544, 4*n - 1719 - 841 = -x. Is n a composite number?
False
Let j be 10545/(-5) + -2 + -2. Let u = j + 4166. Is u composite?
False
Let x = -576593 - -1098234. Is x composite?
False
Let l(x) = 53*x - 12. Let h(t) = 8*t - 4. Let o be h(2). Let z be l(o). Let s = z - 253. Is s prime?
False
Let f = -34 - -2. Let p = f + 36. Is 1029 - (p + (12/2)/(-3)) prime?
False
Suppose -a + 18 = 2*m + a, -4*a = 3*m - 32. Suppose m*g = -3*w + 3961, -2121 + 140 = -2*g - w. Is g prime?
True
Let i be 0/(-4) - (-9 + -7919). Suppose -3*m - i + 28676 = 2*d, 0 = m + 3*d - 6923. Is m a composite number?
True
Let k(i) = i. Let y(q) = -q**2 - 6*q + 15. Let g(l) = 2*k(l) - y(l). Let j be g(-10). Is (-9003)/(-5) + (14/j)/7 a prime number?
True
Suppose -54*a + 60*a + 48 = 0. Is a/(-20) + 321*(-69)/(-15) a composite number?
True
Suppose -3*a + 2015 = 2*a. Let t(s) = -13 + 6 + 88*s - 19 - a*s. Is t(-7) composite?
False
Suppose -89*r + 69*r + 1602820 = 0. Is r a composite number?
False
Let o = -33448 + 67007. Is o prime?
False
Suppose -2*x = 4*w - 27572, 27572 = 4*w + 22*x - 17*x. Let a = w - 4236. Is a a composite number?
False
Let v = -22 + 30. Suppose 2*h - v = 0, 6*h - 2*h = 2*y + 20. Let r(s) = -81*s - 5. Is r(y) prime?
True
Suppose -5*h - 4038 = -3*h.